{"id":3401,"date":"2018-10-08T22:34:23","date_gmt":"2018-10-08T20:34:23","guid":{"rendered":"http:\/\/tuspo.net\/?page_id=3401"},"modified":"2025-02-24T19:39:56","modified_gmt":"2025-02-24T18:39:56","slug":"impressum-2","status":"publish","type":"page","link":"https:\/\/tuspo.net\/?page_id=3401","title":{"rendered":"Impressum"},"content":{"rendered":"<h1 id=\"impressum\"><strong>Impressum<\/strong><\/h1>\n<p>Verantwortlich f\u00fcr den Inhalt dieser Webseite (mit Ausnahme des Inhaltes extern verlinkter Webseiten) ist der Turn- und Sportverein Surheide v.1952 e.V.<\/p>\n<p><strong>Adresse<\/strong><\/p>\n<p>Turn- und Sportverein Surheide von 1952 e.V<\/p>\n<p>Wulsbergen 14 27574 Bremerhaven.<\/p>\n<p>Vereinsregister Bremen. Nr.VR<span style=\"font-family: 'arial black', sans-serif;\"> <span style=\"font-family: arial, helvetica, sans-serif;\">583<\/span><\/span><\/p>\n<p><strong>Telefon<\/strong>\u00a00471\/ 2909804<\/p>\n<p><strong>Fax<\/strong>\u00a00471\/ 2909805<\/p>\n<p><strong>E-Mail<\/strong>\u00a0<span id=\"enkoder_0_903467033\"><span id=\"enkoder_1_1510415059\">email hidden; JavaScript is required<\/span><script type=\"text\/javascript\">\n\/* <!-- *\/\nfunction hivelogic_enkoder_1_1510415059() {\nvar kode=\"kode=\\\"110 114 103 104 64 37 114 110 104 103 95 37 64 110 114 103 104 95 37 95 95 110 64 103 114 95 95 104 95 95 95 37 98 95 95 98 64 98 110 98 114 98 103 95 95 104 64 95 95 95 95 95 95 95 37 95 95 95 95 62 44 95 95 95 95 98 98 95 95 95 95 98 95 95 95 95 98 95 95 95 95 95 95 95 95 95 95 95 95 95 95 95 37 95 95 95 95 65 95 95 95 95 98 95 95 95 95 98 95 95 95 95 98 95 95 95 95 95 95 95 95 95 95 95 95 95 95 95 95 95 95 95 95 100 50 95 95 63 98 95 95 98 98 95 95 95 95 98 95 95 95 95 98 95 95 95 95 95 95 95 95 95 95 95 95 95 95 95 95 95 95 95 95 119 104 95 95 113 98 49 98 114 98 115 98 118 98 120 98 119 98 127 98 111 98 108 98 100 127 112 98 65 98 95 95 98 98 95 95 95 95 98 95 95 95 95 98 95 95 95 95 95 95 95 95 95 95 95 95 95 95 95 95 95 95 95 95 95 95 95 95 95 95 95 95 98 95 95 95 95 98 95 95 95 95 95 95 95 95 95 95 95 95 95 95 95 37 95 95 95 95 95 95 95 95 95 95 95 95 98 95 95 95 95 98 95 95 95 95 95 95 95 95 95 95 95 95 95 95 95 95 95 95 95 95 119 104 95 95 113 98 49 98 114 98 115 98 118 98 120 98 119 98 127 98 111 98 108 98 100 127 112 98 61 98 114 98 119 98 111 98 108 98 100 98 112 98 95 95 98 98 95 95 95 95 98 95 95 95 95 98 95 95 95 95 95 95 95 95 95 95 95 95 95 95 95 37 95 95 95 95 95 95 95 95 95 95 95 95 98 95 95 95 95 98 95 95 95 95 95 95 95 95 95 95 95 95 95 95 95 95 95 95 95 95 64 105 95 95 104 98 117 98 107 98 35 98 100 98 63 98 95 95 98 98 95 95 95 95 98 95 95 95 95 98 95 95 95 95 95 95 95 95 95 95 95 95 95 95 95 95 95 95 95 95 95 95 95 95 95 95 95 95 98 95 95 95 95 98 95 95 95 95 95 95 95 95 95 95 95 95 95 95 95 37 95 95 95 95 43 104 95 95 119 98 108 98 117 98 122 98 49 98 119 98 113 98 104 98 112 98 120 98 102 98 114 98 103 98 95 95 98 98 95 95 95 95 98 95 95 95 95 98 95 95 95 95 98 98 95 37 98 62 98 110 98 114 98 103 98 104 98 64 98 110 98 114 98 103 98 104 98 49 98 118 98 115 98 111 98 108 95 95 119 43 95 95 95 95 95 95 95 42 95 95 95 95 95 95 95 95 95 95 95 95 98 95 95 95 95 98 95 95 95 95 98 98 95 42 98 44 98 49 98 117 98 104 98 121 98 104 98 117 98 118 98 104 98 43 98 44 98 49 98 109 98 114 98 108 95 95 113 43 95 95 95 95 95 95 95 42 95 95 95 95 95 95 95 95 95 95 95 95 98 95 95 95 95 98 95 95 95 95 98 98 95 42 62 44 95 95 62 95 95 95 37 123 95 95 95 95 64 95 95 95 42 95 95 95 95 95 95 95 42 62 95 95 114 105 43 117 64 108 62 51 63 108 114 110 104 103 111 49 113 104 119 106 62 107 46 108 53 64 126 44 105 108 110 43 103 114 49 104 107 102 117 100 119 68 108 43 64 44 95 95 64 127 95 95 95 95 41 95 95 95 42 95 95 95 42 41 95 95 114 110 104 103 102 49 100 107 68 117 43 119 46 108 44 52 95 95 64 95 95 95 42 95 95 95 95 64 95 95 95 95 127 44 95 42 123 126 95 95 46 95 95 95 42 95 95 95 95 64 95 95 95 95 67 128 95 42 111 104 104 118 123 126 64 46 114 110 104 103 102 49 100 107 68 117 43 119 44 108 128 128 114 110 104 103 123 64 62 62 95 37 95 95 123 64 95 42 95 95 95 42 95 95 62 105 114 117 43 108 64 51 62 108 63 43 110 114 103 104 49 111 104 113 106 119 107 48 52 44 62 108 46 64 53 44 126 123 46 64 110 114 103 104 49 102 107 100 117 68 119 43 108 46 52 44 46 110 114 103 104 49 102 107 100 117 68 119 43 108 44 128 110 114 103 104 64 123 46 43 108 63 110 114 103 104 49 111 104 113 106 119 107 66 110 114 103 104 49 102 107 100 117 68 119 43 110 114 103 104 49 111 104 113 106 119 107 48 52 44 95 42 95 95 44 61 95 42 95 95 95 37 62 123 62 95 42 64 62 95 42 114 105 43 117 64 108 62 51 63 108 110 43 103 114 49 104 104 111 106 113 107 119 52 48 62 44 46 108 53 64 126 44 46 123 110 64 103 114 49 104 107 102 117 100 119 68 108 43 52 46 46 44 114 110 104 103 102 49 100 107 68 117 43 119 44 108 110 128 103 114 64 104 46 123 108 43 110 63 103 114 49 104 104 111 106 113 107 119 110 66 103 114 49 104 107 102 117 100 119 68 110 43 103 114 49 104 104 111 106 113 107 119 52 48 61 44 95 42 95 42 62 44 37 62 123 64 42 42 62 105 114 117 43 108 64 51 62 108 63 43 110 114 103 104 49 111 104 113 106 119 107 48 52 44 62 108 46 64 53 44 126 123 46 64 110 114 103 104 49 102 107 100 117 68 119 43 108 46 52 44 46 110 114 103 104 49 102 107 100 117 68 119 43 108 44 128 110 114 103 104 64 123 46 43 108 63 110 114 103 104 49 111 104 113 106 119 107 66 110 114 103 104 49 102 107 100 117 68 119 43 110 114 103 104 49 111 104 113 106 119 107 48 52 44 61 42 42 44 62\\\";kode=kode.split(\\' \\');x=\\'\\';for(i=0;i<kode.length;i++){x+=String.fromCharCode(parseInt(kode[i]-3))}kode=x;\";var i,c,x;while(eval(kode));\n}\nhivelogic_enkoder_1_1510415059();\nvar span = document.getElementById('enkoder_1_1510415059');\nspan.parentNode.removeChild(span);\n\/* --> *\/\n<\/script><\/span><script type=\"text\/javascript\">\n\/* <!-- *\/\nfunction hivelogic_enkoder_0_903467033() {\nvar kode=\"kode=\\\"110 114 103 104 64 37 52 52 51 35 52 52 55 35 52 51 54 35 52 51 55 35 57 55 35 54 58 35 52 51 54 35 60 59 35 52 52 55 35 60 59 35 52 51 53 35 60 59 35 52 53 51 35 60 59 35 52 52 53 35 60 59 35 52 51 55 35 60 59 35 52 52 54 35 60 59 35 52 52 60 35 60 59 35 55 60 35 60 59 35 52 53 53 35 60 59 35 52 52 58 35 60 59 35 52 51 59 35 60 59 35 52 52 60 35 60 59 35 52 51 55 35 60 59 35 55 54 35 60 59 35 60 56 35 54 58 35 60 59 35 60 56 35 60 56 35 60 59 35 57 54 35 60 59 35 52 51 51 35 60 59 35 54 56 35 60 59 35 52 51 58 35 60 59 35 52 52 58 35 60 59 35 52 51 55 35 60 59 35 52 51 56 35 60 59 35 57 55 35 60 59 35 60 56 35 60 56 35 60 59 35 60 56 35 54 58 35 60 59 35 52 52 53 35 60 59 35 52 51 51 35 60 59 35 52 51 59 35 60 59 35 52 52 52 35 60 59 35 52 52 60 35 60 59 35 52 52 55 35 60 59 35 57 52 35 60 59 35 52 52 53 35 60 59 35 52 51 51 35 60 59 35 52 51 59 35 60 59 35 52 52 52 35 60 59 35 52 53 58 35 52 53 58 35 52 52 60 35 60 59 35 52 53 51 35 60 59 35 52 52 59 35 60 59 35 52 52 56 35 60 59 35 52 52 55 35 60 59 35 55 60 35 60 59 35 52 52 54 35 60 59 35 52 51 55 35 60 59 35 52 52 60 35 60 59 35 60 56 35 60 56 35 60 59 35 60 56 35 54 58 35 60 59 35 60 56 35 60 56 35 60 59 35 57 56 35 60 59 35 52 52 53 35 60 59 35 52 51 51 35 60 59 35 52 51 59 35 60 59 35 52 52 52 35 60 59 35 52 53 58 35 52 53 58 35 52 52 60 35 60 59 35 52 53 51 35 60 59 35 52 52 59 35 60 59 35 52 52 56 35 60 59 35 52 52 55 35 60 59 35 55 60 35 60 59 35 52 52 54 35 60 59 35 52 51 55 35 60 59 35 52 52 60 35 60 59 35 60 56 35 60 56 35 60 59 35 57 54 35 60 59 35 56 51 35 60 59 35 52 51 51 35 60 59 35 60 56 35 60 56 35 60 59 35 57 56 35 60 59 35 60 56 35 54 58 35 60 59 35 55 55 35 60 59 35 57 53 35 60 59 35 54 58 35 57 53 35 52 53 54 35 57 55 35 55 53 35 55 53 35 57 53 35 52 51 56 35 52 52 55 35 52 52 58 35 55 54 35 52 51 59 35 57 55 35 56 52 35 57 53 35 52 51 59 35 57 54 35 52 52 51 35 52 52 55 35 52 51 54 35 52 51 55 35 55 60 35 52 52 52 35 52 51 55 35 52 52 54 35 52 51 57 35 52 52 60 35 52 51 58 35 57 53 35 52 51 59 35 55 57 35 57 55 35 56 54 35 55 55 35 52 53 57 35 52 51 59 35 52 51 56 35 55 54 35 52 52 51 35 52 52 55 35 52 51 54 35 52 51 55 35 55 60 35 52 51 53 35 52 51 58 35 52 51 51 35 52 52 58 35 57 59 35 52 52 60 35 55 54 35 52 51 59 35 55 55 35 57 55 35 57 55 35 55 53 35 52 53 58 35 55 53 35 55 52 35 55 52 35 52 52 51 35 52 52 55 35 52 51 54 35 52 51 55 35 55 60 35 52 51 53 35 52 51 58 35 52 51 51 35 52 52 58 35 57 59 35 52 52 60 35 55 54 35 52 51 59 35 55 57 35 56 53 35 55 55 35 57 55 35 57 55 35 55 53 35 52 53 58 35 55 53 35 55 55 35 52 53 57 35 52 53 54 35 55 57 35 57 55 35 55 53 35 57 58 35 55 53 35 52 53 59 35 52 51 55 35 52 52 52 35 52 52 59 35 52 51 55 35 52 53 57 35 52 53 54 35 55 57 35 57 55 35 52 52 51 35 52 52 55 35 52 51 54 35 52 51 55 35 55 60 35 52 51 53 35 52 51 58 35 52 51 51 35 52 52 58 35 57 59 35 52 52 60 35 55 54 35 52 51 59 35 55 55 35 52 53 59 35 52 53 59 35 52 52 51 35 52 52 55 35 52 51 54 35 52 51 55 35 57 55 35 52 53 54 35 57 53 37 62 110 114 103 104 64 110 114 103 104 49 118 115 111 108 119 43 42 35 42 44 62 123 64 42 42 62 105 114 117 43 108 64 51 62 108 63 110 114 103 104 49 111 104 113 106 119 107 62 108 46 46 44 126 123 46 64 86 119 117 108 113 106 49 105 117 114 112 70 107 100 117 70 114 103 104 43 115 100 117 118 104 76 113 119 43 110 114 103 104 94 108 96 48 54 44 44 128 110 114 103 104 64 123 62\\\";kode=kode.split(\\' \\');x=\\'\\';for(i=0;i<kode.length;i++){x+=String.fromCharCode(parseInt(kode[i]-3))}kode=x;\";var i,c,x;while(eval(kode));\n}\nhivelogic_enkoder_0_903467033();\nvar span = document.getElementById('enkoder_0_903467033');\nspan.parentNode.removeChild(span);\n\/* --> *\/\n<\/script><\/p>\n<p><strong>Urheberrecht<\/strong><\/p>\n<p>S\u00e4mtliche Inhalte dieser Webseite sind Eigentum des Turn- und Sportvereins Surheide v.1952 e.V.. Eine Verwendung dieser ohne einer schriftlichen Genehmigung von uns wird ausdr\u00fccklich untersagt und wird strafrechtlich verfolgt.<\/p>\n<p><strong>Haftungsfreizeichnung<\/strong><\/p>\n<p>Der Inhalt unserer Homepage ist eine freie Meinungs\u00e4u\u00dferung und unterliegt der Presse- und Meinungsfreiheit. Links zu anderen Webseiten erfolgen unter Vorbehalt, da deren Inhalt durch Dritte bestimmt wird, diese durch Dritte ge\u00e4ndert werden kann und die getroffenen Aussagen in der Verantwortung der jeweiligen Autoren liegen. Der Inhalt der verlinkten Webseiten ist grunds\u00e4tzlich nicht Gegenstand dieser Homepage, es sei denn, es wird gesondert darauf verwiesen!<\/p>\n<p>Das Landgericht Hamburg hat mit Urteil vom 12.05.1998 entschieden, dass man durch die Ausbringung eines Links die Inhalte der gelinkten Seite ggf. mit zu verantworten hat. Dies kann, so das Landgericht, nur dadurch verhindert werden, dass man sich ausdr\u00fccklich von diesen Inhalten distanziert. Wir haben auf unserer Homepage Links zu anderen Seiten im Internet gelegt. F\u00fcr all diese Links gilt: Wir m\u00f6chten ausdr\u00fccklich betonen, dass wir keinerlei Einfluss auf die Gestaltung und die Inhalte der gelinkten Seiten haben. Deshalb distanzieren wir uns hiermit ausdr\u00fccklich von allen Inhalten aller gelinkten Seiten auf der gesamten Website inkl. aller Unterseiten. Diese Erkl\u00e4rung gilt f\u00fcr alle auf unserer Homepage angebrachten Links und f\u00fcr alle Inhalte der Seiten, zu denen Links oder Banner f\u00fchren!<\/p>\n","protected":false},"excerpt":{"rendered":"<p>Impressum Verantwortlich f\u00fcr den Inhalt dieser Webseite (mit Ausnahme des Inhaltes extern verlinkter Webseiten) ist der Turn- und Sportverein Surheide v.1952 e.V. Adresse Turn- und<\/p>\n","protected":false},"author":1,"featured_media":0,"parent":0,"menu_order":14,"comment_status":"closed","ping_status":"closed","template":"","meta":{"footnotes":""},"class_list":["post-3401","page","type-page","status-publish","hentry","two-columns"],"_links":{"self":[{"href":"https:\/\/tuspo.net\/index.php?rest_route=\/wp\/v2\/pages\/3401","targetHints":{"allow":["GET"]}}],"collection":[{"href":"https:\/\/tuspo.net\/index.php?rest_route=\/wp\/v2\/pages"}],"about":[{"href":"https:\/\/tuspo.net\/index.php?rest_route=\/wp\/v2\/types\/page"}],"author":[{"embeddable":true,"href":"https:\/\/tuspo.net\/index.php?rest_route=\/wp\/v2\/users\/1"}],"replies":[{"embeddable":true,"href":"https:\/\/tuspo.net\/index.php?rest_route=%2Fwp%2Fv2%2Fcomments&post=3401"}],"version-history":[{"count":2,"href":"https:\/\/tuspo.net\/index.php?rest_route=\/wp\/v2\/pages\/3401\/revisions"}],"predecessor-version":[{"id":5030,"href":"https:\/\/tuspo.net\/index.php?rest_route=\/wp\/v2\/pages\/3401\/revisions\/5030"}],"wp:attachment":[{"href":"https:\/\/tuspo.net\/index.php?rest_route=%2Fwp%2Fv2%2Fmedia&parent=3401"}],"curies":[{"name":"wp","href":"https:\/\/api.w.org\/{rel}","templated":true}]}}